v(-8)?
-2
Suppose 5*z - 8 - 7 = 0. Let b(y) = -8 + 17*y**2 + z*y - 7*y**2 - 4*y**2 - y**3. Determine b(6).
10
Let a(v) be the first derivative of -v**3/3 + 6*v - 189. Suppose 0*n + 20 = -4*n. Give a(n).
-19
Let t(v) be the first derivative of 4*v**2 + v + 2281. Suppose -m - 2*m = -3*k - 30, -5*m + 15 = 2*k. Let d = m + -6. What is t(d)?
-7
Let c(j) = j**2 + 8*j - 11. Let m(o) = 2*o**2 + 24*o + 59. Let l be m(-3). Give c(l).
54
Let o(f) be the third derivative of 7*f**4/12 - 7*f**3 + 2*f**2 - 5*f. Let d(n) = 5*n - 14. Let p(x) = -17*d(x) + 6*o(x). Give p(-5).
-9
Let w(v) = -2*v**3 + 6*v**2 - 2*v + 8. Let j(c) = c**3 - 3*c**2 + c - 3. Let q(h) = -7*j(h) - 3*w(h). Suppose s - 2 = -b, -2*b - 2*b - 4 = 0. What is q(s)?
-6
Let y(s) = s**2 + 9*s + 14. Suppose 5*j - 2*j = -2*x - 1390, 0 = 3*x - 3*j + 2070. Let g = x + 687. Determine y(g).
-6
Suppose 2*l - 28 = 4*l. Let k be l + 13 + 2 + 1. Suppose -2*a - 3*a = 3*y - 15, -a + k*y + 3 = 0. Let i(g) = 4*g - 2. Determine i(a).
10
Let l(v) be the third derivative of v**6/120 - v**5/20 - v**4/4 - v**3 - 10*v**2 - 39*v. Let h = 38 + -33. Give l(h).
14
Let z(s) = 19*s - 76. Let j be (-1)/(2/(-20))*-47*(-37)/3478. Determine z(j).
19
Let n(x) be the second derivative of x**6/360 + x**5/40 + x**4/6 - x**3/3 + 6*x. Let s(u) be the second derivative of n(u). Let f = -8 - -5. What is s(f)?
4
Let h(w) = 7*w + 15. Suppose 5*n - 3 = -2*g, -5*g - 5*n - 1212 = -1182. What is h(g)?
-62
Let f(b) = 2*b - 45. Suppose -5*n = -3*s - 112, -4*n - 5*s - 100 = -8*n. Let w be f(n). Let a(c) = -c**2 - 5*c - 3. Calculate a(w).
-3
Let g(x) = -x + 5. Let w(p) = -9*p + 26. Let k(u) = 19*u - 55. Let b(o) = 3*k(o) + 7*w(o). Let s(d) = b(d) - 4*g(d). Suppose 30 = -r - 4*r. Calculate s(r).
9
Let q(j) be the second derivative of j**3 - 9*j**2 + 33*j + 6. Calculate q(8).
30
Let t(q) = -6*q + 15. Let h be 5/(285/38)*-6. Calculate t(h).
39
Suppose 2*b = 7*t + 27, b - 2*t - 20 = -11. Let g(p) be the second derivative of p**5/20 - p**4/3 + p**3/2 - 3*p**2 - p. Give g(b).
-6
Suppose -3*q + 6*p = p + 18, -4*q - 24 = -p. Let a be q/(-21) + 99/21 + -2. Let i(f) = -3*f + f + 2*f**a + 25*f**2 - f**3 - 30*f**2. Determine i(5).
-10
Let g(y) = 12 + 15 + 16 - 46 + 7 - 10*y. Give g(-2).
24
Let d(o) = -26*o - 27. Let c(j) = -6*j - 7. Let l(b) = 17*c(b) - 4*d(b). Let v(x) = -3*x - 7. Let s be v(-5). Calculate l(s).
5
Let n(o) = 4*o**3 - 7*o**2 + 5*o - 9. Let s = -104 - -110. Suppose s*u - 8 = 2*u. Let v(h) = -3*h**3 + 7*h**2 - 4*h + 8. Let d(p) = u*n(p) + 3*v(p). Give d(7).
-8
Let m(l) = -2*l**3 - 7*l**2 - 6 + l + 3*l**3 - 3*l**3 + 3*l**3. Let c be m(7). Let w(r) = 0*r + r + 20 + 0*r - c. Calculate w(-9).
10
Let s(u) = -2 - 1 - u + 7 + 2*u. Let x be 6/(-12) + 10/(-4). Let j be x/5 - (-187)/(-55). What is s(j)?
0
Let j(o) be the third derivative of o**4/2 + 77*o**3/6 - 4468*o**2. Determine j(-6).
5
Suppose -67 = 15*x - 82. Let k(r) = r**2 - 10*r**2 - 10*r**2 - r + 2*r**2. Determine k(x).
-18
Let w(g) be the second derivative of -13*g**3/6 - 55*g**2 - 867*g. Determine w(-8).
-6
Let k(a) = -9*a - 7. Let r(g) = -5*g - 3. Let o(i) = -2*k(i) + 5*r(i). Let q = 227 - 387. Let x = q - -159. Calculate o(x).
6
Let c(p) = -3*p**3 - 14*p**2 + 6*p - 11. Let t(g) = -g**3 - 8*g**2 + 3*g - 6. Let d(f) = 3*c(f) - 5*t(f). What is d(2)?
-37
Let l = -795 - -512. Let x = l + 278. Let c(w) be the third derivative of w**5/60 + 5*w**4/24 - w**3/3 + w**2. Determine c(x).
-2
Let x(c) be the third derivative of c**5/60 - 5*c**4/6 - 4*c**3/3 + 36*c**2 - 4*c. Determine x(18).
-44
Let g(u) = -2*u**2 + 10*u. Let b(s) = -s**3 - 71*s**2 - 69*s + 77. Let j be b(-70). Calculate g(j).
-28
Let c = 11 - 21. Let k(l) = l**2 + 14*l + 27. Let o be k(-12). Let u(d) = 2*d**2 - 73 + 72 + o*d + 11*d - d**2 - 4*d. Give u(c).
-1
Let t(v) = v. Suppose x = 2*b + 144, 86 - 14 = -b + 3*x. Let c = b - -74. Suppose -2*a = -4*r + 2, -a - 3*r = -c + 3. Give t(a).
-1
Let i(h) = -11*h**3 + 8*h - 11. Let k(y) be the second derivative of -y**5/10 + y**4/12 + y**3/6 - y**2/2 - 53*y. Let m(r) = -i(r) + 6*k(r). What is m(6)?
-7
Let k be -1 - (1 - -3) - -14. Let j(t) = -k*t + 16*t**2 - 7 + 17*t**2 - 47*t**2 + 15*t**2. What is j(8)?
-15
Let c(j) be the second derivative of -j**5/20 - j**4/12 - 2*j**3 - 6*j**2 + 477*j - 2. What is c(-1)?
0
Let d(s) be the second derivative of 20*s**3/3 - 103*s**2/2 - s - 8589. Calculate d(3).
17
Let x(n) = n**3 + 15*n**2 + 15*n + 5. Let m = -9 - -200. Let v = m + -205. What is x(v)?
-9
Let k(s) = 102*s - 13. Let t(c) = -127*c + 15. Let a(x) = -5*k(x) - 4*t(x). Determine a(16).
-27
Let n(v) = v + 3. Let m = -1 - -5. Suppose m = -i - 1. Give n(i).
-2
Let p(r) = r**2 + 10*r + 21. Suppose -12459 + 12525 = -11*v. What is p(v)?
-3
Let o(p) = 1098 - 2191 + 1106 + 3*p + 2*p. What is o(6)?
43
Let i(k) = 27*k - 69. Let h be i(3). Suppose -10*p = -h*p - 2. Let b(t) = -4*t. What is b(p)?
4
Let a = -355 + 650. Let y = -292 + a. Let c(g) = -8*g - 2. Give c(y).
-26
Let h(u) be the first derivative of -3*u**4/2 + 5*u**2/2 - 2*u - 2135. Calculate h(2).
-40
Let c(m) be the second derivative of m**3/6 - 5*m**2/2 - 717*m. What is c(3)?
-2
Let s(m) = -m - 17. Let r(y) = 3*y**3 - 154*y**2 - 106*y + 112. Let o be r(52). Calculate s(o).
-25
Let k(j) = 4*j - 4. Let x = 72 - 54. Let p = 36 - x. Suppose 5*s + 12 = h, -6*s + 3*s - 3*h - p = 0. Calculate k(s).
-16
Let k(z) = -9*z + 87. Let r be k(3). Suppose -30 = -18*o + r. Let y(x) be the first derivative of x**4/4 - 4*x**3/3 - 5*x**2/2 - 2*x - 1. What is y(o)?
-2
Let f(c) = -2*c - 5. Let b(j) = j**2 + 16*j - 12. Let l be b(-16). Let z = l + 13. Let u be -3 + 0 + z + -3. Calculate f(u).
5
Suppose 59 = 4*b - 3*s, b - 5*s - 21 - 15 = 0. Let j(x) = -8 + 6 + b + 2*x + x. Calculate j(-3).
0
Let g(r) = 13*r**2 - 4*r - 7. Let h(q) = q**2 + q - 1. Let o(f) = g(f) - 2*h(f). Give o(-3).
112
Let p(d) = d**3 + d**2 + d + 2. Let z(i) = i - 2. Let q be z(1). Let u = -1 + q. Let m be (-24)/14 - u - (-2)/(-7). Calculate p(m).
2
Let y = -13187 - -13174. Let f(h) = -h**2 - 18*h - 5. Determine f(y).
60
Let z(o) = -o**2 - 9*o + 11. Suppose -172*d + 93 - 948 = 865. Calculate z(d).
1
Let r(n) = 10*n - 1. Let l be r(-1). Let h(y) = 0*y**2 - 5 - 2*y**2 - 156*y + 83*y + 3*y**2 + 82*y. What is h(l)?
17
Let p(z) = z**2 - 172*z + 5772. Let u be p(126). Let b(m) = -m**3 - 26*m**2 - 45*m + 71. Determine b(u).
-1
Suppose 0 = 5*n + 5*l - 30, -13*l - 1 = -12*l. Let y = 12 - -12. Suppose n*q - y = 3*q. Let t(g) = -g**3 + 6*g**2 + g - 6. Determine t(q).
0
Let x(o) be the third derivative of 0 - o + 16*o**2 - 1/6*o**4 + 0*o**3 + 1/30*o**5. Determine x(4).
16
Let y = -5 - -7. Suppose 0 = -70*i + 72*i. Let z(o) = -5*o - 404*o**2 + 405*o**2 + i + y. Determine z(3).
-4
Let d(q) = q**2 - 14*q - 4. Let a(g) = -3*g**2 + 40*g + 16. Let f(u) = 3*a(u) + 8*d(u). Calculate f(12).
-32
Let c(h) = -h**2 - h + 2. Suppose -159 = -14*m - 33. Let g be 4*1*(81/(-12))/m. What is c(g)?
-4
Suppose 636*z - 267*z = 4428. Let a(q) = -5*q + 81. Calculate a(z).
21
Suppose u - 2*u = 9. Let m = -7 - u. Let n(d) = 151*d - 313*d + 156*d + 16 - 17. Determine n(m).
-13
Suppose -22 = -4*k - 6. Suppose 25 + 12 = -3*q + m, k*m - 16 = q. Let s(b) = -b**3 - 13*b**2 - 10*b + 10. Calculate s(q).
-14
Suppose f + 0*f = 3*p, -4*p = -2*f + 2. Suppose 0*x + p = x. Let h(q) be the first derivative of q**3 - q**2 + q - 286. What is h(x)?
2
Suppose 3 = -j - 3*n, 0 = j + 2*j - 2*n - 2. Let q(x) = -13*x - 2 - 20*x + 34*x + j. Suppose -5*w - 9 - 1 = 0. Calculate q(w).
-4
Let j(p) be the second derivative of p**3/6 + 5*p**2/2 + 1535*p. Let l(g) = -g - 2. Let t be l(2). Let h = -14 - t. Give j(h).
-5
Let k = 9 - 2. Let a(g) = k*g**2 + g**3 - 1 - 2 - 14*g**2. Let c(d) = -136*d - 6793. Let o be c(-50). What is a(o)?
-3
Let s(q) = 5 + 1 - 7 - 5*q**2 + 4*q**2 + 0. Let n be 7 + 0 + 2/(-1). Suppose -4*l - 4*v = -0*v - 20, -2*l + n*v = 18. Calculate s(l).
-2
Let x(n) = -559*n**2 - 9 + 560*n**2 - 14*n + 19*n. Determine x(-6).
-3
Let v(o) = 74*o**2 - 336*o - 36. Let q(a) = 23*a**2 - 105*a - 12. Let p(u) = 16*q(u) - 5*v(u). Give p(-6).
-84
Let s(c) = -c - 15. Let x be (-2 - -1) + (-1)/((-4)/32). Suppose b = -x + 7. What is s(b)?
-15
Let v(u) = 19 - 8 - 7 - 5. Let r(k) = -k**3 + 10*k**2 - k + 14. Let f(t) = r(t) + 2*v(t). Suppose -2*b = -0*b - 20. Determine f(